b + 2*b. Let h = 24 - b. Let p = h - 8. What is u(p)?
2
Let a(s) = -s**2 - 9. Let f be -3 + 2 - -1 - -18. Suppose -13*l + f = 18. Calculate a(l).
-9
Let n(g) be the second derivative of g**8/6720 + g**7/840 + g**6/720 - g**5/60 + 5*g**4/6 + 3*g. Let d(v) be the third derivative of n(v). Determine d(-3).
-5
Let b be -2*(-5)/(10/3). Let c(r) = 7*r + 0 - r**3 + 2*r**2 - 1 - 7*r**2 - b*r. Suppose 0 = n + 11 - 5. What is c(n)?
11
Let j(i) be the second derivative of i**4/12 + 5*i**3/6 - 2*i**2 - 2*i - 17. Let s = -21 - -18. Give j(s).
-10
Let z(g) = 2*g - 2. Let m(f) = 9*f - 24. Let r be m(9). Let h = r + -54. Give z(h).
4
Suppose 3*n = 8 + 7. Let k(j) = 0*j + n*j + j**2 + 0*j + 2*j + 5. Let p be ((-28)/16 + 3)*-4. Determine k(p).
-5
Let p be 240/192 - -3*(-15)/(-12). Let r(y) = -y - 6. Give r(p).
-11
Let z be 0 + -6 + -2 + 5 + 4. Let l(i) = 4*i**2 + 4*i - 3. Calculate l(z).
5
Let i = 39 + -33. Suppose 7 = -i*a - a. Let b(f) = 18*f**3 - f**2 - 2*f - 1. Determine b(a).
-18
Let g(n) = 2*n**2 - 15*n - 9. Let c(p) = p - 1. Let u(v) = -2*c(v) + g(v). Calculate u(9).
2
Let d(c) = -4*c**2 - c + 5. Let t(q) = -7*q**2 - 3*q + 9. Let z(l) = -5*d(l) + 3*t(l). Suppose 3*a = -3*j - 27, 3*a - 2*j - 12 = -14. Calculate z(a).
2
Let u(i) = i**3 + 11*i**2 - i - 16. Let y = -332 + 321. Give u(y).
-5
Suppose 0*m + 6*m = 13*m. Let g(w) = -w**2 - 2*w - 34. What is g(m)?
-34
Let s be 7*(-6)/((-36)/6). Let k(x) = -x**3 + 6*x**2 + 7*x - 2. Calculate k(s).
-2
Let s(h) be the third derivative of -3*h**4/8 + h**3/6 - 2*h**2. Suppose 4 = -9*x + 7*x. Let y be (x/(-4))/((-3)/(-6)). Calculate s(y).
-8
Let i(b) be the second derivative of b**3/6 - 5*b**2 + 4*b - 3. What is i(18)?
8
Let k(u) = 6*u**3 - 2*u**2 - 5*u - 2. Let a(q) = -13*q**3 + 3*q**2 + 9*q + 3. Let g(b) = -3*a(b) - 5*k(b). Let c = 5 + -4. Calculate g(c).
9
Let v be -2*8/6*75/(-40). Let l(x) be the first derivative of 1/2*x**2 + v*x + 5. What is l(0)?
5
Let i(l) = -l**3 + 3*l**2 + 2*l + 2. Let o(c) = c**2 - 14*c + 15. Let b be o(13). Suppose 2*y = b + 6. What is i(y)?
-6
Let d = 1 - -2. Let z(o) be the third derivative of o**5/60 - o**4/12 + o**3/6 - 14*o**2. Calculate z(d).
4
Let p(a) = -9*a + 10. Let s(d) = -8*d + 9. Let q(v) = 5*p(v) - 6*s(v). Let f = -3 + -1. What is q(f)?
-16
Let r(i) = 2*i - 7. Suppose 5*d + m - 24 = 0, 4 - 7 = 3*m. What is r(d)?
3
Let j(p) = -p**3 - 27*p**2 + 29*p + 24. Let u be j(-28). Let v(h) = h**3 + 3*h**2 - 4*h + 5. Determine v(u).
5
Suppose 2*d + 5 + 0 = -5*x, d + 4*x = -4. Let s = 114 - 112. Let h(m) = m - s + 7 - 20 + 2. Calculate h(d).
-13
Let o be (-7 + 1)/((-9)/6). Let k(t) = -2*t + o*t**2 + 0 - t - 2*t**2 + 2. Calculate k(2).
4
Let g(p) = 7*p**3 + 15*p**2 - 14. Let c(f) = 3*f**3 + 7*f**2 - 7. Let k(b) = 9*c(b) - 4*g(b). Let w be k(3). Let l(r) = -r**2 - 6*r + 2. Calculate l(w).
-5
Let v(t) be the third derivative of t**4/24 + 5*t**3/6 + 91*t**2. Give v(-5).
0
Let u = 24/5 + -283/60. Let k(x) be the third derivative of u*x**4 - 2/3*x**3 + 0 + 1/60*x**5 - 2*x**2 + 0*x. Calculate k(-4).
4
Let q(o) = -o**3 - o**2 + 3*o - 4. Suppose -l - 4 = 2*r, -2*r + 0*l + 4*l = 14. Determine q(r).
5
Let i(r) = 3*r**3 + 2*r**2 - 1. Let t(q) = -2 - 12 + 22 - q. Let l be t(7). Give i(l).
4
Let z(p) = -4*p - 15. Let y = -135 + 128. Let o(w) be the third derivative of w**4/12 + 4*w**3/3 + w**2. Let m(r) = y*o(r) - 4*z(r). Give m(-4).
-4
Suppose g - 2 = -5. Let u(y) = y - 17. Let d be u(19). Let z(b) = -b**2 - 1. Let c(q) = -q**3 - 6*q**2 - 2*q. Let a(s) = d*z(s) - c(s). What is a(g)?
1
Let l(w) = -w**2 + w + 1. Let q be l(0). Let r(m) = 2*m - 3 + 3 + 5*m - 1. What is r(q)?
6
Let r be 4/((-60)/(-129)) + (-30)/50. Let i(l) be the third derivative of -5*l**2 + 0 - 2/15*l**5 - 5/6*l**3 + 0*l**4 + 1/120*l**6 + 0*l. Calculate i(r).
-5
Let l be 10 + -6 - (1 - -1). Let t(u) = -2*u - u**2 + u - 2*u**2 + l*u. What is t(-2)?
-14
Suppose 0 = 2*g - 3*y - 51, 21 + 4 = -5*y. Suppose -30 = -5*t - 2*p, 2*p - g = -2*t - 0*p. Suppose -o - o + t = 0. Let u(x) = -x - 1. Calculate u(o).
-3
Let v(k) = 10*k + 5. Let n(h) = 9*h + 4. Let u(s) = -4*n(s) + 3*v(s). Let x(o) = 5*o + 1. Let d(c) = -6*u(c) - 7*x(c). Determine d(4).
3
Let k = -10 - -15. Let d(u) be the second derivative of -u**5/20 + u**4/2 - 2*u**3/3 - 2*u**2 - 226*u. Give d(k).
1
Let b(l) = -9*l + 1. Suppose 5*z + 4*y + 21 + 10 = 0, -4*z + 5*y + 8 = 0. Give b(z).
28
Let j(s) = 9 - s**2 - 11*s + s - 22 + 2*s**2. Give j(12).
11
Let t(g) = -g**2 - 9*g + 1. Let j(x) be the third derivative of -x**5/30 - x**3/6 + 4*x**2. Let c be j(2). Let a be t(c). Let p(o) = -14*o - 1. Give p(a).
-15
Let w(b) be the second derivative of -b**5/20 + b**4/3 + 11*b**3/6 + 2*b**2 - 34*b. Let f be w(6). Let i(d) = 2*d**2 + d - 2. Determine i(f).
4
Let m(v) = 3*v + 6. Let f(u) = 3*u + 5. Let l(z) = -4*f(z) + 5*m(z). Suppose 3*b + 7 = 2*b. Calculate l(b).
-11
Let r(g) be the third derivative of g**5/60 + g**4/24 - 10*g**2 + 6*g. Give r(-4).
12
Suppose w = -s - 5, w + 10 = -0*w - 2*s. Suppose 5*c - 19 + 4 = w. Let b(f) = -2 + 3*f + 1 - f**2 + 1 + c. What is b(4)?
-1
Let b(n) = n**3 - 2. Let d be 1/(3 - 10/4). Determine b(d).
6
Let x(v) = -v**3 - 5*v**2 + 7*v - 3. Let k be -3 - 1/1 - (15 + -13). Calculate x(k).
-9
Suppose 0 = 6*p - 8 - 34. Let v(t) = t**2 - 9*t + 6. Calculate v(p).
-8
Let c(n) = -4*n**2 + n + 2. Let f(y) = -7*y**2 + y + 3. Let z(q) = 10*c(q) - 6*f(q). Suppose 4 = -3*r + 4*r. Suppose -r*h - 5 = 3. Determine z(h).
2
Let u(l) = l**3 - 10*l**2 - l + 6. Let s = 711 + -701. What is u(s)?
-4
Suppose 3*g = t + 10 - 20, -3*t = 2*g + 14. Let u(b) = 8*b - 1. Give u(t).
-17
Let f(h) = 26*h + 260. Let n be f(-10). Let q(o) = o**2 + o + 13. Calculate q(n).
13
Let t(c) = -c**2 + 11*c - 11. Let u(x) = x**2 + 24*x - 41. Let r be u(-26). Determine t(r).
-11
Let z(h) be the second derivative of -h**4/12 - h**3/2 + 3*h**2 + h. Let u = 2 + 0. Suppose -5 = -u*i + 3*o, -5*i = -o + 5*o + 45. Determine z(i).
-4
Let h(g) be the second derivative of g**5/20 - g**4/4 - 5*g**3/6 + 3*g**2/2 - g + 106. What is h(4)?
-1
Let h(d) be the third derivative of 5*d**6/24 - d**5/60 - d**4/12 - d**3/6 - 337*d**2. Calculate h(-1).
-25
Let d(s) = -2*s**2 - 28*s + 9. Let u(k) = 2*k**2 + 33*k - 10. Let p(r) = 6*d(r) + 5*u(r). Give p(3).
-23
Let c(p) = 2*p - p + 2*p. Suppose -3*y + 19 - 7 = 0. Let l = 5 - y. Calculate c(l).
3
Let s(z) = 4*z + 43. Let v be s(-10). Let b(u) = 0*u**3 + 7*u**2 - 5*u + 12*u + u**3 + 3 + v. What is b(-6)?
0
Let p(v) be the third derivative of -v**4/6 - 5*v**3/6 + 3*v**2. Let s(o) = 3*o + 4. Let t(u) = 4*p(u) + 5*s(u). Suppose -2*m = 7 - 3. Determine t(m).
2
Let t(c) = 24*c**2 - c + 13. Let s(w) = -14*w**2 + w - 7. Let a(z) = -7*s(z) - 4*t(z). Suppose 3*k = k + 4*m - 4, 3*m = 0. Give a(k).
11
Let a(h) = h**3 - 5*h**2 + 5*h - 3. Suppose -87 = -35*v + 88. Suppose -24 - 31 = -5*b. Suppose -v*p = -3*o + b - 4, 0 = -4*o + 5*p + 11. Give a(o).
1
Let z(y) be the first derivative of 2*y**3/3 - 2*y**2 - 3*y + 531. Calculate z(-2).
13
Let v(u) = -u**2 + u - 1. Suppose 6*g = -0*g + 36. Suppose g*j = -a + 10*j + 13, a - 3*j - 11 = 0. Determine v(a).
-21
Let m(d) be the second derivative of -d**3/3 + 29*d**2 + 22*d + 1. Give m(31).
-4
Let k = -3 + 7. Let c(x) = 7*x**2 - 3*x + 8. Let r(u) = 2*u**2 - u + 2. Suppose 115 = 5*n + 5. Let d(i) = n*r(i) - 6*c(i). Calculate d(k).
12
Let p(h) be the first derivative of -h**6/120 - h**5/60 + h**4/8 + h**3/2 + 6*h**2 - 9. Let b(x) be the second derivative of p(x). Determine b(-2).
1
Suppose 8*a - 529 = -545. Let c(l) = 14*l**2 - 2*l. Let z(u) = u**2. Let y(w) = c(w) - 12*z(w). Give y(a).
12
Let o be 30*(-3)/((-120)/(-16)). Let a(j) = -2*j - 29. Calculate a(o).
-5
Let d(a) = 63*a + 1 - 65*a + 10*a. Determine d(3).
25
Let t(v) be the first derivative of 5*v**4/4 - 11*v**3/3 + 5*v**2 + 2*v - 13. Let l(p) = p**3 - p**2 + p + 1. Let a(s) = 4*l(s) - t(s). Calculate a(6).
2
Suppose 0 = -5*p - 15, 4*s + 2*p - 5*p = 5. Let z(u) = -30*u**2 + 1. Give z(s).
-29
Suppose -1217*v + 1221*v = 0. Let d(o) = -o**3 - 2*o - 12. Determine d(v).
-12
Let t(f) = -f + 1. Let b be t(5). Let k(r) be the third derivative of -1/15*r**5 + 6*r**2 + 1/12*r**4 + 0 - 1/120*r**6 - 1/3*r**3 + 0*r. Calculate k(b).
-10
Let y(o) = -o**2 + 5*o - 5. Let w be 34 + 0*1/2. Let g be 7/(-14) - (-39)/(-6)*-1. Let 